01111010111 (base 2) to base 7
-5435264
What is -dac0e (base 15) in base 11?
-434945
What is -10 (base 9) in base 10?
-9
Convert -771524 (base 9) to base 14.
-bdb18
5cca91 (base 13) to base 11
1291501
What is 100222122021200 (base 3) in base 5?
2324313302
What is -210202203213 (base 4) in base 16?
-9228e7
What is -642195 (base 12) in base 2?
-110000001101010000001
What is -8d623 (base 16) in base 2?
-10001101011000100011
-300022133220 (base 4) to base 3
-212202110110210
201674 (base 9) to base 15
2558a
What is -7a99a (base 11) in base 5?
-12220440
-13031031 (base 5) to base 16
-1f028
What is 265642645 (base 7) in base 5?
13343424224
Convert 543340015 (base 6) to base 10.
9686315
-152a62a (base 11) to base 6
-132054222
6a414 (base 11) to base 2
11000110100010111
Convert 67b8e3 (base 16) to base 6.
401410031
What is -113100120 (base 4) in base 8?
-272030
Convert 1024133242 (base 5) to base 12.
890036
-60266 (base 10) to base 3
-10001200002
What is -12334450 (base 6) in base 9?
-671673
What is 1c758 (base 14) in base 4?
101301122
Convert -11513182 (base 9) to base 2.
-10101011011101101111110
-26b3161 (base 14) to base 8
-107314661
What is 326456 (base 13) in base 15?
186155
What is 126176 (base 8) in base 9?
66514
What is 331535 (base 8) in base 15?
23053
22024255 (base 9) to base 6
1020054422
Convert 253a0a (base 11) to base 16.
61c88
Convert 1100424234 (base 5) to base 7.
26020560
Convert -1111010010111000 (base 2) to base 14.
-18b8c
What is 1330260 (base 7) in base 3?
22220121210
Convert -9200660 (base 10) to base 7.
-141130040
What is 120000122 (base 3) in base 11?
8257
What is -205751 (base 9) in base 6?
-2342244
7a9b5 (base 13) to base 16
3694e
What is -255323121 (base 6) in base 12?
-18204a1
What is 1057876 (base 9) in base 12?
235a96
Convert -180a739 (base 12) to base 8.
-23033635
4396c (base 15) to base 5
23333002
47207265 (base 8) to base 11
58a0248
What is -11121120 (base 7) in base 13?
-27955b
What is -10210200201101 (base 3) in base 10?
-2021311
1000011111010010 (base 2) to base 15
a480
What is -21110112100 (base 3) in base 15?
-2d7e6
-10101000100111 (base 2) to base 16
-2a27
Convert 5411121 (base 8) to base 11.
8a8843
What is -11031330030 (base 4) in base 6?
-45152300
What is -1383c2 (base 15) in base 9?
-1681182
Convert 622161 (base 7) to base 3.
12101222120
Convert -1111101111111011100000 (base 2) to base 15.
-5683c0
Convert 105469 (base 10) to base 11.
72271
What is 8a336 (base 16) in base 14?
10a418
43bb5 (base 12) to base 13
31b86
101392 (base 11) to base 12
7a2a6
-10000100100011111 (base 2) to base 7
-401606
12221002112021 (base 3) to base 8
14012423
Convert -10054705 (base 8) to base 2.
-1000000101100111000101
333121330 (base 4) to base 8
773174
Convert -d176d (base 14) to base 16.
-7af45
Convert -1010101010011010000010 (base 2) to base 13.
-76b338
1101100000001111001 (base 2) to base 15
8b194
Convert -163558 (base 10) to base 16.
-27ee6
Convert -1243503 (base 6) to base 11.
-47291
What is 143150 (base 8) in base 14?
14720
What is -21321131331 (base 4) in base 9?
-4784213
6303651 (base 8) to base 5
412020004
-23133221011 (base 4) to base 7
-34416544
1434231 (base 7) to base 6
4052100
-89360 (base 10) to base 12
-43868
Convert 262620 (base 9) to base 2.
100110111011000010
What is -33784 (base 14) in base 2?
-11110100000101000
Convert 2109270 (base 10) to base 15.
2b9e80
4b9327 (base 16) to base 4
102321030213
What is -3285734 (base 10) in base 4?
-30202023212
Convert -55286 (base 11) to base 8.
-234504
Convert 8b26 (base 15) to base 8.
71507
-1517022 (base 13) to base 12
-23050b6
10334001 (base 6) to base 7
2422003
What is -1000000110010100 (base 2) in base 9?
-50447
-41b09 (base 14) to base 8
-465555
What is 6b35f (base 16) in base 11?
27aa24
What is -11001010000111000110010 (base 2) in base 3?
-110110110201210
564553 (base 7) to base 12
49b14
What is 744344 (base 10) in base 9?
1354038
373264 (base 10) to base 3
200222000121
1100111100000100001110 (base 2) to base 3
20101022121200
Convert -1222226 (base 7) to base 4.
-212103011
What is 2c285 (base 14) in base 4?
122322331
1022031222 (base 4) to base 11
198424
-68120 (base 11) to base 10
-98637
1124355 (base 6) to base 9
87538
2434411022 (base 5) to base 14
aa6019
-22002201021 (base 3) to base 13
-5775a
Convert 38908 (base 11) to base 6.
1105420
What is 67723 (base 10) in base 15?
150ed
What is 33c79 (base 15) in base 5?
20233224
What is -246047 (base 8) in base 11?
-58981
Convert 41b05 (base 13) to base 5.
12241210
2f840 (base 16) to base 10
194624
Convert 241a1 (base 12) to base 4.
23320021
Convert 16644006 (base 7) to base 4.
12100230231
-16a896 (base 16) to base 12
-5b741a
What is 11314320 (base 8) in base 7?
26641351
Convert -23697 (base 12) to base 10.
-47635
Convert 424321505 (base 6) to base 4.
130210323101
What is 11203013323 (base 4) in base 3?
2201220022121
Convert 313032 (base 7) to base 5.
3210444
-2a166 (base 14) to base 10
-104558
60477 (base 11) to base 8
254536
Convert 2431241220 (base 5) to base 15.
78215a
What is 13131268 (base 9) in base 13?
1450cc7
10c46 (base 13) to base 2
111011110110111
What is -2333410 (base 6) in base 9?
-204376
What is -49966 (base 13) in base 2?
-100001000111000110
Convert -11210111012 (base 3) to base 8.
-270275
440221 (base 8) to base 15
2db01
Convert 2233216 (base 10) to base 3.
11012110101201
-112110122 (base 4) to base 8
-262432
Convert 241905 (base 11) to base 15.
78796
Convert -346631 (base 11) to base 2.
-10000110011000111111
What is 15725 (base 9) in base 13?
4bb6
What is 16551 (base 9) in base 13?
524b
What is -c664 (base 14) in base 15?
-a1e7
303203101 (base 4) to base 6
4305321
What is -1054845 (base 9) in base 2?
-10001010101000101011
633216 (base 10) to base 3
1012011121110
Convert -1000010000110011010 (base 2) to base 4.
-1002012122
Convert 3a484 (base 11) to base 14.
170d3
Convert 30222101122 (base 4) to base 5.
1322200444
Convert 765119 (base 12) to base 3.
10112021002010
47323 (base 10) to base 2
1011100011011011
-9dc62 (base 15) to base 12
-202818
Convert 101102102021212 (base 3) to base 4.
111020111102
Convert -7c744 (base 14) to base 3.
-120102000022
What is -877378 (base 12) in base 14?
-3dcd52
Convert 18275948 (base 10) to base 13.
3a2b792
What is 13344130 (base 6) in base 3?
211211101000
Convert 91c21 (base 15) to base 6.
13521351
What is 2081a5 (base 12) in base 13?
14bc1c
Convert 330184 (base 10) to base 9.
552831
496009 (base 10) to base 3
221012101201
What is -4866708 (base 10) in base 8?
-22441224
Convert -1904c (base 13) to base 10.
-48398
-11101011001000011110 (base 2) to base 12
-3a5426
1315757 (base 8) to base 12
158893
21046206 (base 7) to base 5
423322001
What is 2724a09 (base 11) in base 2?
10001111101000000000000
-41612327 (base 8) to base 2
-100001110001010011010111
90c94d (base 15) to base 6
403221501
What is -577475 (base 12) in base 6?
-50015025
What is 73c4b8 (base 15) in base 14?
a35973
What is -10018a5 (base 11) in base 15?
-250950
What is 556565 (base 7) in base 13?
35a26
Convert -1203222120 (base 4) to base 3.
-202201222010
What is 220110112001212 (base 3) in base 8?
61460514
What is -10111101100101110 (base 2) in base 7?
-553001
Convert 417458 (base 9) to base 11.
15a560
What is 12211242 (base 5) in base 14?
30619
What is -210112020 (base 3) in base 16?
-3d4d
What is 918d71 (base 14) in base 12?
1785773
Convert c4da0d (base 14) to base 16.
6565cd
Convert -136b71 (base 14) to base 15.
-d40b1
What is 51454 (base 8) in base 7?
116035
What is 216674 (base 13) in base 6?
24500142
1120727 (base 8) to base 11
198098
25005042 (base 6) to base 11
4a2813
-137e8 (base 15) to base 11
-42a98
What is -90496 (base 10) in base 4?
-112012000
782188 (base 9) to base 10
467450
Convert 252612 (base 9) to base 12.
74562
Convert -10004224232 (base 5) to base 10.
-9836192
What is -322001021 (base 4) in base 16?
-3a049
Convert -541b (base 12) to base 5.
-243424
122aa96 (base 11) to base 6
113452054
12983 (base 11) to base 15
5723
What is -8c59a (base 13) in base 4?
-332131100
What is -21332011022 (base 4) in base 14?
-4c0682
-420430 (base 6) to base 8
-102102
-14886b6 (base 12) to base 11
-2392aa0
Convert 22809b (base 12) to base 11.
34859a
-10002300223 (base 4) to base 2
-100000010110000101011
What is -